ghest common factor of 15 and x.
3
Suppose 3*h = 2*p, 2*p = -2*h - p + 13. Suppose 0 = h*n - 3*n + 28. Calculate the greatest common divisor of n and 7.
7
Let z = -18 - -33. Let d = 26 - z. Suppose 7*n - 4*n - 231 = 0. What is the highest common factor of n and d?
11
Let w be 47/9 + 2/(-9). Let g be 3 + -3 + -2 + 7. Suppose w*m + 46 = g*r + m, -4 = m. What is the highest common divisor of r and 18?
6
Suppose -1 = x + 1. Let u be (-1 - 3)*x/4. Suppose 5 + 5 = 10*l. What is the highest common factor of u and l?
1
Let o be (1 + -2 - 41) + -2. Let s = o - -28. Let f = 28 - s. What is the greatest common divisor of 4 and f?
4
Let w be 15/12 + (-2)/8. Let f = -1 - 5. Let m be ((-9)/f)/(w/6). What is the greatest common factor of m and 72?
9
Let j(y) = 27*y + 4. Let g be j(1). Calculate the greatest common factor of 217 and g.
31
Let p(w) = w**2 - 9*w - 7. Let y be p(10). Suppose -4*r + 262 = 5*u - 0*r, -y = -r. Calculate the highest common divisor of u and 20.
10
Suppose -o = p - 22, -o + 26 = p + 2*o. What is the highest common factor of p and 25?
5
Let x be -2 + (1 - 11)*-1. Calculate the greatest common divisor of 32 and x.
8
Suppose 5*z + 31 = 3*w, -5 = -2*z - 3. What is the highest common divisor of w and 6?
6
Suppose -2*u = -5*q + 29, -3*q - q = 2*u - 16. Let d be 2*u*(-198)/8. Suppose 4*h = -0*h + 44. Calculate the highest common factor of d and h.
11
Let k = -20 - -20. Suppose w = -k*w + 4. What is the greatest common factor of w and 36?
4
Let v = -6 - -2. Let d(z) = -z**3 - 4*z**2 - 3*z - 2. Let f be d(v). Let o be (-1*18)/((-3)/f). Calculate the greatest common divisor of o and 15.
15
Let b be (-10)/5*6/(-4). Let z = 257 + -162. Suppose 8*o - z = b*o. Calculate the greatest common factor of 19 and o.
19
Suppose 0*j - j + 270 = 3*a, -4*a + 4*j = -360. Calculate the greatest common divisor of a and 60.
30
Let y = -5 + 6. Let g be 0*((-2)/(-1))/2. Suppose 5*d + 5 = g, 0 = c - d - y - 7. What is the greatest common divisor of c and 14?
7
Let k(v) = -v**2 - v + 6. Let b = 4 - 4. Let l be k(b). Calculate the greatest common factor of l and 15.
3
Let m(b) = b**3 + 2*b**2 + 0*b**3 + 2*b**3 - 4*b**3. Let q be m(-2). Calculate the highest common divisor of 40 and q.
8
Let u(t) = t**2 - 8*t + 10. Let d be u(7). Let c be -7 - -15 - d*-1. Calculate the highest common factor of c and 22.
11
Let r = 0 + 1. Let x be 9/(-2)*(-8)/6. Suppose -x*a = -a - 5. What is the greatest common divisor of a and r?
1
Let c(y) = -y**3 - y**2 - y + 3. Let o be c(-4). Suppose q + 11 = o. Suppose 2*d = 68 + q. What is the greatest common factor of 7 and d?
7
Suppose 0 = 3*p - 0*p. Let j be 2 + (-8)/(-1 + p). What is the greatest common factor of 10 and j?
10
Let q = 51 - 6. Calculate the highest common divisor of 9 and q.
9
Suppose 2*r - 2*o - 11 - 9 = 0, 4*r - 32 = -4*o. What is the highest common factor of 72 and r?
9
Suppose 0 = -w - r + 84, 3*r = -w + 7*r + 84. Calculate the greatest common divisor of 12 and w.
12
Suppose -5*g + 2*x + 356 = 0, 4*x = g - 53 - 29. Calculate the highest common divisor of g and 14.
14
Let o be (-2 + -25)*1/(-3). Suppose o*j - 24 = 6*j. What is the greatest common divisor of 2 and j?
2
Suppose 3*x = -5*b + 379, -2 + 0 = x. Let w be (-6)/4*16/6. Let r be (-2)/(-4) + (-42)/w. What is the greatest common divisor of r and b?
11
Let c be 56/3 + 1/3. Let z = -29 + c. Let s be (-6)/z - (-184)/10. What is the highest common factor of 19 and s?
19
Suppose -5*m - 34 + 4 = 0. Let i = 38 - m. Calculate the greatest common divisor of i and 4.
4
Let t be (-1 + 0)/((-1)/24). Let u(x) = -x**3 - 10*x**2 - 10*x - 6. Let r be u(-9). Suppose 0 = -r*g + 32 + 16. What is the greatest common divisor of t and g?
8
Suppose 0 = 6*c - 2*c - 24. Calculate the highest common divisor of 42 and c.
6
Let z(t) = -145*t - 55. Let s(r) = -18*r - 7. Let d(l) = 25*s(l) - 3*z(l). Let b = -2 - 8. Let x be d(b). What is the highest common factor of 20 and x?
20
Suppose -4*t - 97 + 733 = 2*o, t - 4*o - 141 = 0. Suppose -4*m - 17 + t = 0. What is the highest common factor of m and 7?
7
Let n = 27 - 3. Let d(u) be the second derivative of 2*u**3/3 + u. Let l be d(4). What is the greatest common factor of l and n?
8
Let s = 4 + 0. Suppose -2*x - 4 = -s*x - q, -3*x + 6 = -5*q. Suppose 0*p - v - 38 = -3*p, x*p - v - 26 = 0. What is the highest common factor of 24 and p?
12
Let x = -13 - -15. Suppose f + 15 = 3*k - 2*k, 0 = x*k + 3*f - 35. Calculate the greatest common factor of 32 and k.
16
Let b be -11 + (7 + -3)*-1. Let y be b/10*40/(-3). Calculate the highest common factor of y and 220.
20
Suppose -y + 484 = 4*z, -z - 3*y - 58 + 179 = 0. What is the greatest common divisor of 11 and z?
11
Let g be 0/((3 - 1) + -1). Let m be g - 0 - 2 - -38. What is the greatest common divisor of m and 9?
9
Let j(u) = -u**2 - 4*u + 6. Let l be j(-6). Let y = 12 - l. Calculate the greatest common divisor of 6 and y.
6
Let p(m) = -m - 1. Let u be p(-3). Let c be (-24)/(-6) + (0 - 2). Let i be u*(27/6 + c). Calculate the highest common divisor of 13 and i.
13
Let f be 10/(-5) + 263/1. Suppose l + 99 - f = 0. Let g be l/10 + 2/(-10). What is the greatest common divisor of 80 and g?
16
Suppose 5*n = -3*m - 74 + 188, 5*n - 38 = -m. Let h be 2*(-3 + m + 0). What is the highest common divisor of 28 and h?
14
Let o(m) = 6*m**3 + m**2 - 3*m + 2. Let v be o(2). Calculate the highest common divisor of v and 6.
6
Suppose -10 = 2*n + 2*z, -5*n + z = 5*z + 30. Let k = -8 - n. Suppose 10 + 11 = f + 3*y, -k*f + 5*y = -9. Calculate the greatest common factor of f and 4.
4
Let q = 9 + -4. Suppose q*v - 2*v = 135. What is the greatest common factor of v and 5?
5
Let c = -85 - -143. What is the highest common divisor of c and 87?
29
Let g = -2 + 5. Let x be 3*(2 + 12/(-9)). Let k be 3/x + 21/14. Calculate the highest common factor of k and g.
3
Suppose -175 - 17 = -3*m - a, -128 = -2*m - 3*a. Calculate the greatest common divisor of m and 8.
8
Let q(w) = -2*w - 8. Let u(t) = 3*t + 8. Let f(l) = -2*q(l) - 3*u(l). Let j be f(-5). Calculate the greatest common factor of 34 and j.
17
Let t be (48/9)/(-2)*33/(-4). Calculate the greatest common factor of t and 88.
22
Suppose 0*b - 20 = -4*b. Suppose b*m - 20 = m. Calculate the highest common divisor of 2 and m.
1
Let s(p) = 15*p**3 + 2*p**2 - 1. Let d be s(1). What is the greatest common factor of d and 80?
16
Let o = -19 + 43. Calculate the highest common divisor of o and 16.
8
Suppose 8 = -j - j. Let x = j + 9. Suppose 4*y - x*y + 70 = 0. Calculate the highest common factor of 28 and y.
14
Let s = 266 + -71. What is the greatest common divisor of 78 and s?
39
Let o = -10 - -17. Let t = 70 - 35. Suppose 3*c = -2*c + t. Calculate the greatest common divisor of o and c.
7
Suppose -h = -0 - 2. Let i(u) = u - 5. Let z be i(10). Suppose -3*f + 1 = -2, 72 = z*d + h*f. Calculate the highest common factor of 2 and d.
2
Suppose 9 = 2*v + 4*l - 23, -v = -2*l - 4. Suppose 9 + 151 = 4*y. Calculate the highest common divisor of v and y.
10
Suppose -79 = -h + 3*g, 4*g - g = -6. Suppose -48 = 4*u - 16. Let t = h + u. Calculate the highest common divisor of 26 and t.
13
Suppose -166 = -5*u + 254. Suppose -61 = -4*r + 2*p + 31, -64 = -3*r + 4*p. Suppose -3*f - r = -5*f. Calculate the highest common factor of u and f.
12
Let m be 3 + -1 + (-6)/2. Let k be 2 + 0 + (-2)/m. Suppose 0 = k*n + 4 - 32. What is the highest common factor of 49 and n?
7
Let x(s) = -s**3 + 5*s**2 + 4*s - 3. Let m be x(4). Let u = m - 8. Calculate the greatest common factor of u and 14.
7
Let o = -127 - -257. Suppose 0*q + o = 2*q. What is the highest common factor of q and 13?
13
Suppose -32 = -3*u - 5. Let l = -200 - -299. Calculate the greatest common divisor of u and l.
9
Let f be ((-7)/(-14))/((-1)/(-4)). Let x(t) = 2 - 8*t**2 + 11*t**f - 3 - 2*t. Let l be x(2). What is the greatest common factor of l and 35?
7
Suppose -3*m = 4*d - 107, 3*d + 3*m + 2*m = 83. What is the highest common divisor of d and 13?
13
Suppose 3*z - 5*w = 378 + 57, -w = -4*z + 580. What is the greatest common divisor of z and 29?
29
Let v be 109*(1 - 7 - -3). Let z be 0 - (v - 9/3). Calculate the highest common divisor of z and 33.
33
Suppose 6*z = -0*z + 78. Calculate the highest common divisor of z and 52.
13
Let u(h) = -78*h + 2. Let r 